{"id":11,"date":"2017-09-10T15:04:29","date_gmt":"2017-09-10T12:04:29","guid":{"rendered":"http:\/\/alinplast.com.tr\/?page_id=11"},"modified":"2024-08-06T11:11:57","modified_gmt":"2024-08-06T08:11:57","slug":"kurumsal","status":"publish","type":"page","link":"https:\/\/alinplast.com.tr\/?page_id=11","title":{"rendered":"KURUMSAL"},"content":{"rendered":"\n<figure class=\"wp-block-image size-large\"><img loading=\"lazy\" width=\"1024\" height=\"684\" src=\"https:\/\/alinplast.com.tr\/wp-content\/uploads\/2022\/01\/rsz_dsc04271-1024x684.jpg\" alt=\"\" class=\"wp-image-265\" srcset=\"https:\/\/alinplast.com.tr\/wp-content\/uploads\/2022\/01\/rsz_dsc04271-1024x684.jpg 1024w, https:\/\/alinplast.com.tr\/wp-content\/uploads\/2022\/01\/rsz_dsc04271-300x200.jpg 300w, https:\/\/alinplast.com.tr\/wp-content\/uploads\/2022\/01\/rsz_dsc04271-768x513.jpg 768w, https:\/\/alinplast.com.tr\/wp-content\/uploads\/2022\/01\/rsz_dsc04271-1536x1026.jpg 1536w, https:\/\/alinplast.com.tr\/wp-content\/uploads\/2022\/01\/rsz_dsc04271-2048x1368.jpg 2048w\" sizes=\"(max-width: 1024px) 100vw, 1024px\" \/><\/figure>\n\n\n<p><strong>AL\u0130NPLAST MAK\u0130NA,<\/strong> \u0130malat Sanayi 1996 y\u0131l\u0131nda <strong>PVC, PE, PP,Spiral Boru, Profil ve Hortum Extruder Hatlar\u0131<\/strong> \u00fcretimi ve m\u00fc\u015fteri ihtiya\u00e7lar\u0131n\u0131 kar\u015f\u0131layacak ekipmanlar\u0131n imalat\u0131 amac\u0131yla kurulmu\u015ftur. K\u0131sa bir zamanda PVC, PE, PP, Boru, Profil ve Hortum Extruder Hatlar\u0131 imalat\u00e7\u0131lar\u0131nda lider bir firma haline gelmi\u015ftir.<\/p>\n<p>M\u00fc\u015fterilerin \u00f6zel isteklerine en iyi \u00e7\u00f6z\u00fcmler sunmak i\u00e7in s\u00fcrekli kendini geli\u015ftiren M\u00fchendislik ve dizayn departman\u0131m\u0131z konstr\u00fcksiyonlar\u0131nda CAD datalar\u0131 kullanmaktad\u0131r. Ayr\u0131ca \u00fcretim hatt\u0131m\u0131zda CNC tezgahlar kullan\u0131lmaktad\u0131r.<\/p>\n<p><strong>Kalite Politikas\u0131\u00a0<\/strong><br \/>Bizim ana amac\u0131m\u0131z kaliteyi en \u00fcst seviyede tutmak ve korumak, mevcut m\u00fc\u015fterilerimize daha iyi \u00fcr\u00fcnler sunmak, i\u00e7inde bulundu\u011fumuz sekt\u00f6r\u00fc daha da geli\u015ftirmek,mevcut m\u00fc\u015fterilerimizin arzu ve isteklerini en k\u0131sa zamanda en az hatayla ger\u00e7e\u011fe d\u00f6n\u00fc\u015ft\u00fcrmektir.<\/p>\n<p><strong>\u00dcretkenlik\u00a0<\/strong><br \/>Montaj ve stoklamas\u0131 basit olacak \u015fekilde dizayn edilmi\u015f geni\u015f bir makina \u00fcretim yelpazemiz vard\u0131r. Ayr\u0131ca firmam\u0131z arzu edilen \u00f6l\u00e7\u00fc ve kapasitede \u00f6zel tasar\u0131ml\u0131 makina \u00fcretebilmektedir\u2026<\/p>\n<p>\u00dcretimini ger\u00e7ekle\u015fti\u011fimiz makina parkumuz ;<\/p>\n<p><strong><span style=\"color: #000000;\">* <a href=\"https:\/\/alinplast.com.tr\/?page_id=26\">Spiral Boru Makinas\u0131 &#8211; Corrugator <\/a><\/span><\/strong><br \/><strong><span style=\"color: #000000;\"> * <a title=\"Spiral Boru Makinas\u0131 -Corrugator\" href=\"https:\/\/alinplast.com.tr\/?page_id=28\">PPRC \u2013 PP \u2013 PE \u2013 PVC Boru \u00dcretim Hatt\u0131<\/a><\/span><\/strong><br \/><strong><span style=\"color: #000000;\"> * <a href=\"https:\/\/alinplast.com.tr\/?page_id=33\">PVC \u00d6rg\u00fcl\u00fc Hortum \u00dcretim Hatt\u0131<\/a><\/span><\/strong><br \/><strong><span style=\"color: #000000;\"> * <a href=\"https:\/\/alinplast.com.tr\/?page_id=30\">PVC Boru \u00dcretim Makinas\u0131<\/a><\/span><\/strong><\/p>\n<p><strong><span style=\"color: #000000;\">* <\/span><\/strong><span style=\"color: #000000;\"><a href=\"https:\/\/alinplast.com.tr\/?page_id=296\">\u00a0<strong>Kompak<\/strong><\/a><\/span><strong><span style=\"color: #000000;\"><a href=\"https:\/\/alinplast.com.tr\/?page_id=296\"> Medikal Hortum Makinas\u0131\u00a0<\/a><\/span><\/strong><\/p>\n<p>\u00a0<\/p>\n<p>\u00a0<\/p>\n<h2>\u00a0<\/h2>\n\n\n<iframe loading=\"lazy\" width=\"560\" height=\"315\" src=\"https:\/\/www.youtube.com\/embed\/xmfxGCxKCRQ?si=L5r9Vn6sYPgG5fGh\" title=\"YouTube video player\" frameborder=\"0\" allow=\"accelerometer; autoplay; clipboard-write; encrypted-media; gyroscope; picture-in-picture; web-share\" referrerpolicy=\"strict-origin-when-cross-origin\" allowfullscreen><\/iframe>\n\n\n\n<p><\/p>\n\n\n\n<h2><strong>FAT\u0130H MAH. 19. MAYIS BULVARI ASTOR \u0130\u015e MERKEZ\u0130<br>NO:53 \/ 2 ESENYURT \/ \u0130STANBUL<\/strong><br>TEL (1) : + 9 0 212 485 93 16&nbsp;&nbsp;TEL (2) : + 9 0 212 486 29 07<\/h2>\n\n\n\n<h2>FAX : + 9 0 212 485 93 18<\/h2>\n\n\n\n<h2>GSM : + 9 0 532 237 24 94<\/h2>\n\n\n\n<h2>E-MA\u0130L : alinplast@gmail.com<\/h2>\n\n\n\n<p><\/p>\n","protected":false},"excerpt":{"rendered":"<div class=\"slide-text-bg2\"><span>AL\u0130NPLAST MAK\u0130NA, \u0130malat Sanayi 1996 y\u0131l\u0131nda PVC, PE, PP,Spiral Boru, Profil ve Hortum Extruder Hatlar\u0131 \u00fcretimi ve m\u00fc\u015fteri ihtiya\u00e7lar\u0131n\u0131 kar\u015f?<\/span><\/div>\n<div class=\"slide-btn-area-sm\"><a href=\"https:\/\/alinplast.com.tr\/?page_id=11\" class=\"slide-btn-sm\">Devam\u0131n\u0131 oku<\/a><\/div>\n","protected":false},"author":1,"featured_media":0,"parent":0,"menu_order":0,"comment_status":"closed","ping_status":"closed","template":"","meta":[],"_links":{"self":[{"href":"https:\/\/alinplast.com.tr\/index.php?rest_route=\/wp\/v2\/pages\/11"}],"collection":[{"href":"https:\/\/alinplast.com.tr\/index.php?rest_route=\/wp\/v2\/pages"}],"about":[{"href":"https:\/\/alinplast.com.tr\/index.php?rest_route=\/wp\/v2\/types\/page"}],"author":[{"embeddable":true,"href":"https:\/\/alinplast.com.tr\/index.php?rest_route=\/wp\/v2\/users\/1"}],"replies":[{"embeddable":true,"href":"https:\/\/alinplast.com.tr\/index.php?rest_route=%2Fwp%2Fv2%2Fcomments&post=11"}],"version-history":[{"count":13,"href":"https:\/\/alinplast.com.tr\/index.php?rest_route=\/wp\/v2\/pages\/11\/revisions"}],"predecessor-version":[{"id":386,"href":"https:\/\/alinplast.com.tr\/index.php?rest_route=\/wp\/v2\/pages\/11\/revisions\/386"}],"wp:attachment":[{"href":"https:\/\/alinplast.com.tr\/index.php?rest_route=%2Fwp%2Fv2%2Fmedia&parent=11"}],"curies":[{"name":"wp","href":"https:\/\/api.w.org\/{rel}","templated":true}]}}