{"id":26,"date":"2017-09-10T15:13:21","date_gmt":"2017-09-10T12:13:21","guid":{"rendered":"http:\/\/alinplast.com.tr\/?page_id=26"},"modified":"2024-07-31T15:00:15","modified_gmt":"2024-07-31T12:00:15","slug":"sprial-corrugator-hortum-makinasi","status":"publish","type":"page","link":"https:\/\/alinplast.com.tr\/?page_id=26","title":{"rendered":"Spiral ( Corrugator ) Hortum Makinas\u0131"},"content":{"rendered":"<p><a href=\"https:\/\/alinplast.com.tr\/?page_id=26\"><strong>SP\u0130RAL\u00a0 CORRUGE HORTUM \u00dcRET\u0130M MAK\u0130NASI <\/strong><\/a><\/p>\n<p><strong>( 14 mm &#8211; 36 mm hortum \u00fcretimi ) <\/strong><\/p>\n<p><img loading=\"lazy\" class=\"alignnone wp-image-111 size-large\" src=\"https:\/\/alinplast.com.tr\/wp-content\/uploads\/2017\/09\/spiralcorrugatormachinesq-2-1024x341.jpg\" alt=\"\" width=\"1024\" height=\"341\" srcset=\"https:\/\/alinplast.com.tr\/wp-content\/uploads\/2017\/09\/spiralcorrugatormachinesq-2-1024x341.jpg 1024w, https:\/\/alinplast.com.tr\/wp-content\/uploads\/2017\/09\/spiralcorrugatormachinesq-2-300x100.jpg 300w, https:\/\/alinplast.com.tr\/wp-content\/uploads\/2017\/09\/spiralcorrugatormachinesq-2-768x256.jpg 768w, https:\/\/alinplast.com.tr\/wp-content\/uploads\/2017\/09\/spiralcorrugatormachinesq-2.jpg 1200w\" sizes=\"(max-width: 1024px) 100vw, 1024px\" \/><\/p>\n<p><img loading=\"lazy\" class=\"aligncenter wp-image-152\" src=\"https:\/\/alinplast.com.tr\/wp-content\/uploads\/2017\/09\/DSC04265-300x200.jpg\" alt=\"\" width=\"814\" height=\"543\" srcset=\"https:\/\/alinplast.com.tr\/wp-content\/uploads\/2017\/09\/DSC04265-300x200.jpg 300w, https:\/\/alinplast.com.tr\/wp-content\/uploads\/2017\/09\/DSC04265-768x513.jpg 768w, https:\/\/alinplast.com.tr\/wp-content\/uploads\/2017\/09\/DSC04265-1024x684.jpg 1024w\" sizes=\"(max-width: 814px) 100vw, 814px\" \/><\/p>\n<p>32 \u00a0mm &#8211; 63 mm aras\u0131 \u00fcretim hatt\u0131<\/p>\n<h3>\u00a0<img loading=\"lazy\" class=\"wp-image-76 alignleft\" src=\"https:\/\/alinplast.com.tr\/wp-content\/uploads\/2017\/09\/3_.jpg\" alt=\"\" width=\"266\" height=\"181\" srcset=\"https:\/\/alinplast.com.tr\/wp-content\/uploads\/2017\/09\/3_.jpg 500w, https:\/\/alinplast.com.tr\/wp-content\/uploads\/2017\/09\/3_-300x204.jpg 300w\" sizes=\"(max-width: 266px) 100vw, 266px\" \/> <img loading=\"lazy\" class=\"alignnone wp-image-122\" src=\"https:\/\/alinplast.com.tr\/wp-content\/uploads\/2017\/09\/corrugespiral-300x129.jpg\" alt=\"\" width=\"423\" height=\"182\" srcset=\"https:\/\/alinplast.com.tr\/wp-content\/uploads\/2017\/09\/corrugespiral-300x129.jpg 300w, https:\/\/alinplast.com.tr\/wp-content\/uploads\/2017\/09\/corrugespiral.jpg 600w\" sizes=\"(max-width: 423px) 100vw, 423px\" \/><\/h3>\n<h3><\/h3>\n<h3><a href=\"https:\/\/alinplast.com.tr\/?page_id=26\"><span style=\"color: #ff6600;\"><strong>CORRUGE HORTUM \u00dcRET\u0130M MAK\u0130NASI<\/strong><\/span><\/a><\/h3>\n<p><a href=\"https:\/\/alinplast.com.tr\/?page_id=26\">SP\u0130RAL HORTUM \u00dcRET\u0130M MAK\u0130NASI &#8211; 2018 PLAST EURAS\u0130A FUARI<\/a><\/p>\n<p><iframe loading=\"lazy\" title=\"Alinplast Makina - Koruge hortum makinas\u0131 - Corrugated Hose Production machine\" width=\"500\" height=\"281\" src=\"https:\/\/www.youtube.com\/embed\/MPoIDowqnaY?feature=oembed\" frameborder=\"0\" allow=\"accelerometer; autoplay; clipboard-write; encrypted-media; gyroscope; picture-in-picture; web-share\" referrerpolicy=\"strict-origin-when-cross-origin\" allowfullscreen><\/iframe><\/p>\n<p><a href=\"https:\/\/alinplast.com.tr\/makina-uretimi\/sprial-corrugator-hortum-makinasi\/\"><span style=\"color: #ff6600;\"><strong>Corrugated Pipe Production Machine<\/strong><\/span><\/a><\/p>\n<p><iframe loading=\"lazy\" src=\"\/\/www.youtube.com\/embed\/aTUjnDNJXAw\" width=\"560\" height=\"315\" frameborder=\"0\" allowfullscreen=\"allowfullscreen\"><\/iframe><\/p>\n<p><strong>\u00a0<\/strong><\/p>\n<p><a href=\"https:\/\/alinplast.com.tr\/?page_id=26\">corruge pipe machine<\/a> , <a href=\"https:\/\/alinplast.com.tr\/?page_id=26\">sprial boru makinas\u0131 &#8211; pprc &#8211; pe pp pipe machine &#8211; pprc pe boru makinas\u0131 &#8211; pvc pipe machine &#8211; pvc boru makinas\u0131 &#8211; pe pp coil pipe machine &#8211; pe pp elektrik kangal boru makinas\u0131 &#8211; pvc mixer -pvc \u00f6rg\u00fcl\u00fc hortum makinas\u0131 &#8211;\u00a0PVC braided hose machine<\/a><\/p>\n","protected":false},"excerpt":{"rendered":"<div class=\"slide-text-bg2\"><span>SP\u0130RAL\u00a0 CORRUGE HORTUM \u00dcRET\u0130M MAK\u0130NASI ( 14 mm &#8211; 36 mm hortum \u00fcretimi ) 32 \u00a0mm &#8211; 63 mm aras\u0131 \u00fcretim hatt\u0131 \u00a0 CORRUGE HORTUM \u00dcRET\u0130M <\/span><\/div>\n<div class=\"slide-btn-area-sm\"><a href=\"https:\/\/alinplast.com.tr\/?page_id=26\" class=\"slide-btn-sm\">Devam\u0131n\u0131 oku<\/a><\/div>\n","protected":false},"author":1,"featured_media":0,"parent":9,"menu_order":0,"comment_status":"closed","ping_status":"closed","template":"","meta":[],"_links":{"self":[{"href":"https:\/\/alinplast.com.tr\/index.php?rest_route=\/wp\/v2\/pages\/26"}],"collection":[{"href":"https:\/\/alinplast.com.tr\/index.php?rest_route=\/wp\/v2\/pages"}],"about":[{"href":"https:\/\/alinplast.com.tr\/index.php?rest_route=\/wp\/v2\/types\/page"}],"author":[{"embeddable":true,"href":"https:\/\/alinplast.com.tr\/index.php?rest_route=\/wp\/v2\/users\/1"}],"replies":[{"embeddable":true,"href":"https:\/\/alinplast.com.tr\/index.php?rest_route=%2Fwp%2Fv2%2Fcomments&post=26"}],"version-history":[{"count":16,"href":"https:\/\/alinplast.com.tr\/index.php?rest_route=\/wp\/v2\/pages\/26\/revisions"}],"predecessor-version":[{"id":330,"href":"https:\/\/alinplast.com.tr\/index.php?rest_route=\/wp\/v2\/pages\/26\/revisions\/330"}],"up":[{"embeddable":true,"href":"https:\/\/alinplast.com.tr\/index.php?rest_route=\/wp\/v2\/pages\/9"}],"wp:attachment":[{"href":"https:\/\/alinplast.com.tr\/index.php?rest_route=%2Fwp%2Fv2%2Fmedia&parent=26"}],"curies":[{"name":"wp","href":"https:\/\/api.w.org\/{rel}","templated":true}]}}