{"id":33,"date":"2017-09-10T15:15:52","date_gmt":"2017-09-10T12:15:52","guid":{"rendered":"http:\/\/alinplast.com.tr\/?page_id=33"},"modified":"2022-01-08T11:39:47","modified_gmt":"2022-01-08T08:39:47","slug":"pvc-orgulu-hortum-uretim-hatti","status":"publish","type":"page","link":"https:\/\/alinplast.com.tr\/?page_id=33","title":{"rendered":"PVC \u00d6rg\u00fcl\u00fc Hortum \u00dcretim Hatt\u0131"},"content":{"rendered":"\n<p>PVC Braided Hose Manufacturing Machine<\/p>\n\n\n\n<div class=\"wp-block-image\"><figure class=\"aligncenter is-resized\"><img loading=\"lazy\" src=\"https:\/\/alinplast.com.tr\/wp-content\/uploads\/2017\/09\/orguluborumakinesi.jpg\" alt=\"\" class=\"wp-image-130\" width=\"727\" height=\"216\"\/><\/figure><\/div>\n\n\n\n<p>* 1\/2 &#8211; 2 in\u00e7&nbsp; hortum \u00fcretimi<\/p>\n\n\n\n<p>* PVC \u00d6rg\u00fcl\u00fc Hortum \u00fcretimi<\/p>\n\n\n\n<p>\u00d6rg\u00fcl\u00fc hortum \u00fcretim makine hatt\u0131<\/p>\n\n\n\n<figure class=\"wp-block-embed is-type-video is-provider-youtube wp-block-embed-youtube wp-embed-aspect-16-9 wp-has-aspect-ratio\"><div class=\"wp-block-embed__wrapper\">\n<iframe loading=\"lazy\" title=\"Alinplast - \u00d6RG\u00dcL\u00dc HORTUM \u00dcRET\u0130M HATTI - BRAIDED HOSE PRODUCTION LINE\" width=\"500\" height=\"281\" src=\"https:\/\/www.youtube.com\/embed\/na1FKEwjK9A?feature=oembed\" frameborder=\"0\" allow=\"accelerometer; autoplay; clipboard-write; encrypted-media; gyroscope; picture-in-picture\" allowfullscreen><\/iframe>\n<\/div><\/figure>\n\n\n\n<p>Braided hose production machine<\/p>\n\n\n\n<p><iframe loading=\"lazy\" src=\"\/\/www.youtube.com\/embed\/vM0cxZ2c5Ik\" width=\"560\" height=\"315\" frameborder=\"0\" allowfullscreen=\"allowfullscreen\"><\/iframe><\/p>\n\n\n\n<figure class=\"wp-block-embed is-type-video is-provider-youtube wp-block-embed-youtube wp-embed-aspect-16-9 wp-has-aspect-ratio\"><div class=\"wp-block-embed__wrapper\">\n<iframe loading=\"lazy\" title=\"Alinplast - Braided hose machine - Air hose\" width=\"500\" height=\"281\" src=\"https:\/\/www.youtube.com\/embed\/ScoSgATiKRo?feature=oembed\" frameborder=\"0\" allow=\"accelerometer; autoplay; clipboard-write; encrypted-media; gyroscope; picture-in-picture\" allowfullscreen><\/iframe>\n<\/div><\/figure>\n","protected":false},"excerpt":{"rendered":"<div class=\"slide-text-bg2\"><span>PVC Braided Hose Manufacturing Machine * 1\/2 &#8211; 2 in\u00e7&nbsp; hortum \u00fcretimi * PVC \u00d6rg\u00fcl\u00fc Hortum \u00fcretimi \u00d6rg\u00fcl\u00fc hortum \u00fcretim makine hatt\u0131 Br<\/span><\/div>\n<div class=\"slide-btn-area-sm\"><a href=\"https:\/\/alinplast.com.tr\/?page_id=33\" class=\"slide-btn-sm\">Devam\u0131n\u0131 oku<\/a><\/div>\n","protected":false},"author":1,"featured_media":0,"parent":9,"menu_order":0,"comment_status":"closed","ping_status":"closed","template":"","meta":[],"_links":{"self":[{"href":"https:\/\/alinplast.com.tr\/index.php?rest_route=\/wp\/v2\/pages\/33"}],"collection":[{"href":"https:\/\/alinplast.com.tr\/index.php?rest_route=\/wp\/v2\/pages"}],"about":[{"href":"https:\/\/alinplast.com.tr\/index.php?rest_route=\/wp\/v2\/types\/page"}],"author":[{"embeddable":true,"href":"https:\/\/alinplast.com.tr\/index.php?rest_route=\/wp\/v2\/users\/1"}],"replies":[{"embeddable":true,"href":"https:\/\/alinplast.com.tr\/index.php?rest_route=%2Fwp%2Fv2%2Fcomments&post=33"}],"version-history":[{"count":5,"href":"https:\/\/alinplast.com.tr\/index.php?rest_route=\/wp\/v2\/pages\/33\/revisions"}],"predecessor-version":[{"id":219,"href":"https:\/\/alinplast.com.tr\/index.php?rest_route=\/wp\/v2\/pages\/33\/revisions\/219"}],"up":[{"embeddable":true,"href":"https:\/\/alinplast.com.tr\/index.php?rest_route=\/wp\/v2\/pages\/9"}],"wp:attachment":[{"href":"https:\/\/alinplast.com.tr\/index.php?rest_route=%2Fwp%2Fv2%2Fmedia&parent=33"}],"curies":[{"name":"wp","href":"https:\/\/api.w.org\/{rel}","templated":true}]}}