{"id":37,"date":"2017-09-10T15:22:44","date_gmt":"2017-09-10T12:22:44","guid":{"rendered":"http:\/\/alinplast.com.tr\/?page_id=37"},"modified":"2017-12-26T09:05:13","modified_gmt":"2017-12-26T07:05:13","slug":"pvc-mikser-pvc-mixer","status":"publish","type":"page","link":"https:\/\/alinplast.com.tr\/?page_id=37","title":{"rendered":"PVC M\u0130KSER &#8211; PVC MIXER"},"content":{"rendered":"<p><img loading=\"lazy\" class=\"size-medium wp-image-128 aligncenter\" src=\"https:\/\/alinplast.com.tr\/wp-content\/uploads\/2017\/09\/mikser-240x300.gif\" alt=\"\" width=\"240\" height=\"300\" \/><\/p>\n<p>&nbsp;<\/p>\n<p>* \u00a0100 kg ve\u00a0 400\u00a0kg aras\u0131 \u00fcretim yap\u0131lmaktad\u0131r.<\/p>\n<p>&nbsp;<\/p>\n<p>* Makinelerimiz CE belgeli olup, 2 y\u0131l garanti kapsam\u0131ndad\u0131r.<\/p>\n<p>&nbsp;<\/p>\n<p>&nbsp;<\/p>\n","protected":false},"excerpt":{"rendered":"<div class=\"slide-text-bg2\"><span>&nbsp; * \u00a0100 kg ve\u00a0 400\u00a0kg aras\u0131 \u00fcretim yap\u0131lmaktad\u0131r. &nbsp; * Makinelerimiz CE belgeli olup, 2 y\u0131l garanti kapsam\u0131ndad\u0131r. &nbsp; &nbsp;<\/span><\/div>\n","protected":false},"author":1,"featured_media":0,"parent":9,"menu_order":0,"comment_status":"closed","ping_status":"closed","template":"","meta":[],"_links":{"self":[{"href":"https:\/\/alinplast.com.tr\/index.php?rest_route=\/wp\/v2\/pages\/37"}],"collection":[{"href":"https:\/\/alinplast.com.tr\/index.php?rest_route=\/wp\/v2\/pages"}],"about":[{"href":"https:\/\/alinplast.com.tr\/index.php?rest_route=\/wp\/v2\/types\/page"}],"author":[{"embeddable":true,"href":"https:\/\/alinplast.com.tr\/index.php?rest_route=\/wp\/v2\/users\/1"}],"replies":[{"embeddable":true,"href":"https:\/\/alinplast.com.tr\/index.php?rest_route=%2Fwp%2Fv2%2Fcomments&post=37"}],"version-history":[{"count":2,"href":"https:\/\/alinplast.com.tr\/index.php?rest_route=\/wp\/v2\/pages\/37\/revisions"}],"predecessor-version":[{"id":129,"href":"https:\/\/alinplast.com.tr\/index.php?rest_route=\/wp\/v2\/pages\/37\/revisions\/129"}],"up":[{"embeddable":true,"href":"https:\/\/alinplast.com.tr\/index.php?rest_route=\/wp\/v2\/pages\/9"}],"wp:attachment":[{"href":"https:\/\/alinplast.com.tr\/index.php?rest_route=%2Fwp%2Fv2%2Fmedia&parent=37"}],"curies":[{"name":"wp","href":"https:\/\/api.w.org\/{rel}","templated":true}]}}